n a is divided by k(m).
11
Suppose r + 5*i = 49, -49*i = 4*r - 52*i - 334. Let t(a) = a**2 + a + 20. What is the remainder when r is divided by t(0)?
19
Let x = -19 + 21. Suppose x*g - 39 = g. What is the remainder when g is divided by 19 + (2 - (-1 - -2))?
19
Suppose 2*i + v - 2*v = 9, 12 = i - 2*v. Let c be (-6)/(-4) + (-1)/i. Let w = c - -46. What is the remainder when w is divided by 12?
11
Suppose 0 = 4*p - 38 - 6. Suppose 0 = -241*z + 236*z + 215. Calculate the remainder when z is divided by p.
10
Let q = 24 + -8. Suppose l - 4*w - 3 - q = 0, -2*l + 10 = -w. What is the remainder when 11 is divided by l?
2
Let i(l) = l**3 + 3*l**2 - 5*l. Let a be i(-4). Let y be -1*2 + a + -1. Let o = 5 + y. What is the remainder when 23 is divided by o?
5
Suppose 5*s = 4*f - 2*f + 104, -3*f + 9 = 0. What is the remainder when s is divided by -12 - 6*(6 + -10)?
10
Let j = -169 + 233. What is the remainder when 124 is divided by j?
60
Suppose 0 = -6*w + 13 + 5. Suppose l - 2*l = w*v - 79, -3*l + 112 = 4*v. What is the remainder when 194/(-3)*(-3)/2 is divided by v?
22
Let t = 1456 - 1353. Calculate the remainder when t is divided by 12.
7
Suppose 0*u - u + x = 0, -5*x = -5. What is the remainder when -3 - (-5 + -3 + 2) is divided by u?
0
Let w(s) = 24*s + 154. What is the remainder when w(-6) is divided by 2?
0
Suppose -87 = -3*l - 3*d, 5*l + 2*d - 133 = 18. Let g = 659 + -507. Calculate the remainder when g is divided by l.
28
Let p(m) = 4*m + 12. Let w be 2/(-8) + -2 + (-36)/(-16). What is the remainder when 46 is divided by p(w)?
10
Suppose 6*j - j = -4*m + 35, 14 = 2*j - 3*m. Let h = 29 - -3. What is the remainder when h is divided by j?
4
Suppose 116*z + 170 = 117*z. Calculate the remainder when z is divided by 9.
8
Let o = -247 + 502. Suppose 6*g - o = -11*g. Calculate the remainder when g is divided by 9.
6
Let k = 40 - 22. Suppose -4*p + k = -3*p. Let w = -13 + 20. What is the remainder when p is divided by w?
4
Calculate the remainder when 26 is divided by 4*(-3 - -5) + 4.
2
Suppose 5*q - 25 = -0*q. Suppose q*d + z = 137, -3*z - 8 = 3*d - 95. Suppose -40 = -7*b + 3*b. Calculate the remainder when d is divided by b.
7
Let m = -906 + 913. Suppose 4*g + 4 = 0, -4*g - 11 = 5*x - 167. Calculate the remainder when x is divided by m.
4
Suppose h - 192 = -11*h. Suppose -34 = -3*n - h. What is the remainder when 27 is divided by n?
3
Let p = 33 + -18. Let u = 20 - p. Suppose 3*i - 4*i - u*h - 4 = 0, h - 100 = -5*i. What is the remainder when 40 is divided by i?
19
Suppose -9*n + 39 = -60. What is the remainder when 31 is divided by n?
9
Suppose -3*i - 5*r + 141 = -85, 2*i - 156 = 2*r. Suppose 6*c + 3*b + 72 = 9*c, 4*c + 2*b = 108. What is the remainder when i is divided by c?
25
Let z(g) = -g**3 - 2*g**2 - g. Let j be z(-1). Suppose l + 3*l - 188 = j. Let s = l - -22. Calculate the remainder when s is divided by 24.
21
Let b = -18 + 16. Let c(y) = y**2 - 1. Let r be c(b). Suppose -3*g + 2*g = j - 64, r*j - 204 = 3*g. What is the remainder when j is divided by 17?
15
Let w = 2444 - 2175. What is the remainder when w is divided by 10?
9
Let a(l) = l - 2. Suppose r + 63 = 10*r. What is the remainder when 38 is divided by a(r)?
3
Let x = -11 - -15. Suppose 2*b + 39 = o, -b - 93 = 2*o - x*o. Let v = 2 - -11. Calculate the remainder when o is divided by v.
10
Let v = -4 + 8. Suppose 3*d + 5 = v*d. Suppose -d*n + 71 + 59 = 0. What is the remainder when 103 is divided by n?
25
Suppose -228 + 68 = -4*o. What is the remainder when o is divided by 16?
8
Let p be ((-4)/(16/22))/((-4)/88). Let m = -27 + p. What is the remainder when m is divided by 19?
18
Let c = 1 - 1. Suppose y - 6*y - 20 = c, -5*k + 126 = -4*y. Suppose -87 = -5*r - 27. Calculate the remainder when k is divided by r.
10
Suppose 11 = o - 5*t, 3*o - 28*t = -25*t + 33. Let y(p) = 9*p**2 - 4*p - 3. Suppose -2 + 0 = a. Calculate the remainder when y(a) is divided by o.
8
Let t be (-1)/(1/24)*(-4)/12. Suppose -11 = -p + t. What is the remainder when 37 is divided by p?
18
Let o = -10 + 7. Let n be (o - -1) + -2 + 8. Calculate the remainder when (-342)/n*6/(-9) is divided by 15.
12
Let u = 55 + -57. What is the remainder when 8 is divided by (6 + 4)*u/(-4)?
3
Suppose -13*x + 15*x + 60 = 0. Let z = 30 + x. Suppose z = -8*g + 67 - 19. What is the remainder when g is divided by 2?
0
Let c = 26 - 16. Let q(k) = -4*k + 27. Calculate the remainder when c is divided by q(6).
1
Let b be (0 + -2)*3/6. Let k be 2 + 305/((-1)/b). Suppose -392 = -5*c - 2*v, 3*v = 4*c - 2*v - k. Calculate the remainder when c is divided by 20.
18
Let p(l) = l**3 + 5*l**2 - 7*l - 6. Let k be p(-6). Suppose k = 5*q + 2*o - 424, 4*q - q + 2*o - 252 = 0. Calculate the remainder when q is divided by 22.
20
Suppose -976*c + 977*c = 50. Calculate the remainder when c is divided by 19.
12
Let v = -152 - -92. Calculate the remainder when (-16)/(-6)*v/(-8) is divided by (-1)/((3/21)/(-1)).
6
Let h = 12 - 0. Let d(f) = -f**2 - 5*f - 5. Let w be d(-4). Let t(q) = 56*q**2 - q. Calculate the remainder when t(w) is divided by h.
9
Let n = -116 - -870. What is the remainder when n is divided by 12?
10
Let c = 0 - -3. Let t = -97 + -1. Let i = -95 - t. What is the remainder when i is divided by c?
0
Suppose k - 35 = -3*w - 4*k, 2*w - 4*k = 38. Calculate the remainder when 209 is divided by w.
14
Suppose 0 = -k - 1 - 35. Suppose 62 - 197 = -3*f. Calculate the remainder when f is divided by (-1)/(-4) - 3/(k/141).
9
Let x = -79 + 120. Suppose -2*w + 4*d + 64 = -32, -2*w = 3*d - 82. Suppose -4*g = -0*g - w. Calculate the remainder when x is divided by g.
8
Suppose 0 = 22*h - 148 - 116. Let s(r) = 3*r**2 + 5*r - 4. What is the remainder when s(-5) is divided by h?
10
Let g = 14 + -10. Suppose g*j = 8*j - 212. Suppose 4*q - j = -1. Calculate the remainder when 25 is divided by q.
12
Let w(q) = -1 + 10 + 29*q - 28*q. What is the remainder when 1052/20 + 4/10 is divided by w(5)?
11
Let j(r) = -8*r - 4. Suppose 3*w + 20 - 197 = 0. What is the remainder when w is divided by j(-2)?
11
What is the remainder when 1707 is divided by 12/90 + (-892)/(-60)?
12
Suppose -2*d + n + 106 = 2*n, 48 = d + 3*n. Suppose -4 - d = -2*x. What is the remainder when x is divided by (-3 + 11)*(-2)/(-2)?
5
Let z(q) = -q**2 - 5*q. Let w be z(-5). Suppose 5*a = 5*m - w*m - 60, 4*m - 3*a - 45 = 0. What is the remainder when 29 - 6/m*3 is divided by 7?
6
Let c(a) be the third derivative of a**4/12 + 25*a**3/3 - 28*a**2. Calculate the remainder when 29 is divided by c(-20).
9
Let a = 1681 - 1311. What is the remainder when a is divided by 44?
18
Let i be (36/15)/((-3)/(-10)). Suppose -4*o + 6*o - i = -2*d, 4*d = -5*o + 20. Suppose -k = -d*k - 29. What is the remainder when k is divided by 8?
5
Suppose 414 = -0*y + 2*y. Suppose 5*p = 288 + y. Calculate the remainder when p is divided by 26.
21
Suppose -2*n = u - 39, -4*n + 8*n = 12. Calculate the remainder when u is divided by 4.
1
What is the remainder when (-234004)/(-152) + (-2)/4 is divided by 110?
109
Calculate the remainder when 14/(-35)*(-135 + 0) is divided by 32.
22
Let c = -145 + 154. What is the remainder when 17 is divided by c?
8
Suppose 400*l + 9 = 401*l. Calculate the remainder when 60 is divided by l.
6
Let i(q) = -3*q**3 - 5*q**2 - 10*q - 7. Calculate the remainder when 1602/14 - 20/(-35) is divided by i(-3).
56
Let n = -741 + 1063. What is the remainder when n is divided by 36?
34
Let c(t) = t**3 - 8*t**2 + 2*t - 8. Let g be c(7). Let j = -40 - g. Calculate the remainder when 13 is divided by j.
1
Let k(i) = -3*i - 9. Let x be k(-7). Calculate the remainder when 1138/12 + 2/x is divided by (-1)/((-1)/(-24))*-1.
23
Let b(p) = 12*p + 118. Let z be b(-12). Suppose 96 = -0*l + 2*l + 4*u, u = 0. Let s = z + l. Calculate the remainder when 43 is divided by s.
21
Suppose 18*m = -2*m + 400. What is the remainder when m is divided by 15?
5
Let z(g) = -2*g**2 + 5*g + 26. Calculate the remainder when z(0) is divided by 4.
2
Suppose 3*v - 5*u - 2 = -u, -v = -u - 1. Suppose 0 = -4*l + 36 - 4. What is the remainder when (7/(-4))/((-2)/l) is divided by v?
1
Let r(w) be the first derivative of -w**4/4 + 14*w**3/3 + 15*w**2/2 + 17*w - 44. What is the remainder when 32 is divided by r(15)?
15
Suppose -5*i - 2*p = p - 65, 0 = -p + 5. Su